be ((-390)/(-52))/((5/2)/(-5)). Let w be ((-6)/15 - 171/x) + 3. What is the highest common factor of w and d?
14
Suppose -370 = 19*a + 10. Let w = a + 152. What is the greatest common divisor of w and 24?
12
Let t(y) = 121*y - 16192. Let s be t(146). Calculate the highest common divisor of s and 264.
22
Suppose 0 = j + l - 29, -3*l - 160 + 39 = -5*j. Let u(q) = -q**3 + 121. Let c be u(0). Suppose c = 4*y + 17. Calculate the greatest common divisor of j and y.
26
Let n be (10/4)/(5 + (-1076)/216). Suppose 0 = -q - 4*s - 0*s + 22, -3*q - 4*s + 82 = 0. What is the greatest common divisor of n and q?
15
Let t(v) = v**3 + 6*v**2 - 4*v - 3. Let k be t(-5). What is the highest common factor of 49 and k?
7
Let c be ((74/2)/1)/1. Let h = 117 + -119. Let b be (h + -7 - -3) + 117. What is the highest common factor of b and c?
37
Let a(d) = d**2 + d + 4. Let q be a(-3). Let c = 36 + -31. What is the highest common factor of c and q?
5
Let l be (-90)/(((-11)/(-132))/(124/(-18))). What is the greatest common factor of l and 720?
240
Suppose p - 4*r - 20 = 29, 0 = -4*p + 3*r + 274. Calculate the highest common divisor of 10439 and p.
73
Let j(w) = w**3 + 6*w**2 - w - 11. Let i be j(-6). Let q(n) = 14*n**2 + 17*n + 68. Let b be q(i). What is the highest common divisor of b and 9?
9
Suppose 19*k + 943 = 14904 + 6673. Calculate the highest common divisor of k and 6.
6
Let c(h) = 4*h**2 - 64*h - 369. Let x be c(-19). What is the greatest common divisor of 29 and x?
29
Suppose -4*h = -4*x - 516, 5*x + 2*h = -472 - 159. Let c = -240 - x. Let g = 4 - c. What is the greatest common factor of g and 13?
13
Let y = -5478 + 5485. What is the greatest common divisor of y and 1267?
7
Let k be 75*((-12)/(-9) - 1). Let d(n) = -3*n**3 - 15*n**2 - n + 12. Let i be d(-5). Suppose 45 = 26*q - i*q. Calculate the highest common factor of q and k.
5
Suppose -32*d + v - 60 = -33*d, 0 = v. Let p be ((-44)/55)/((-2)/30). Calculate the greatest common factor of d and p.
12
Let o(p) = -p**3 - 23*p**2 + 41*p - 99. Let b be o(-25). Calculate the highest common factor of 23814 and b.
126
Let x = 225 + -202. Suppose 8*v - 12*v + 2208 = 0. What is the greatest common factor of x and v?
23
Suppose 3*s = 5*r + 76, 2*s - 330*r + 334*r + 8 = 0. Suppose 9*g - 4*g - 54 = 3*p, -4 = -2*p. Calculate the highest common factor of s and g.
12
Let s(r) = -r + 12. Let k be s(11). Let m be -1 - k - 1 - -60. Suppose -5*h + 51 = 2*a - 0*a, 3*a + h = m. What is the greatest common factor of 6 and a?
6
Let m = -28 - -14. Let r be (1/2)/((-1)/m). Suppose 4*b = -4*q + 192, 0 = -8*b + 4*b - 4. What is the highest common factor of q and r?
7
Suppose -95*m + 930*m = 21164 + 77366. What is the greatest common factor of m and 48262?
118
Suppose 0 = 2*x - 5*j - 254 - 126, -4*x + 4*j + 736 = 0. What is the greatest common factor of 16 and x?
4
Suppose 0 = 40*j - 35*j - 20. Suppose 0*u + 548 = 3*z - j*u, 5*z - 3*u - 906 = 0. What is the greatest common factor of z and 20?
20
Let v be (-252)/(-15) - (-6)/30. Let p = -394 + 530. What is the highest common factor of p and v?
17
Suppose 12*d = 21*d - 5562. Let v = d - 578. What is the highest common divisor of 30 and v?
10
Let j be -2*478/(-4)*-1. Let b = -57 - j. Let r(c) = 2*c**3 - 2*c**2 - 8*c + 34. Let s be r(2). Calculate the highest common factor of b and s.
26
Let i be (-2)/4*44/(-2). Suppose -7*y + 24 = -i. Suppose y*m - 5 = 0, 4*m = -5*w + w + 836. Calculate the highest common factor of 16 and w.
16
Let r = -1501 + 1590. Calculate the greatest common factor of 9167 and r.
89
Let u(t) = 50*t**3 - 12*t**2 - 17*t + 57. Let f be u(4). What is the highest common divisor of 185 and f?
37
Let p = -4546 - -4637. Calculate the highest common divisor of 26 and p.
13
Let l = 4024 - 3980. Calculate the greatest common divisor of l and 2816.
44
Let w be 1224/10*(-16)/(-60)*50/4. Calculate the greatest common divisor of 96 and w.
24
Suppose 2*b - 3*y + y - 188 = 0, y = 2*b - 192. Suppose -c - 4*c - 155 = 0. Let a = 45 + c. What is the highest common divisor of a and b?
14
Suppose 2*q + 0 - 12 = 0. Suppose 4*p = 2*j - 20, 2*j + 2*p - 11 = 3*p. Suppose 0 = j*i - 61 - 11. What is the greatest common divisor of q and i?
6
Suppose 0 = -u - 1, -207*u + 208*u + 371 = 2*v. Let z be 74/(-2)*(-2)/2. Calculate the greatest common divisor of v and z.
37
Let g(p) = 6*p**3 - 2*p**2 - 3*p. Let y be g(3). Suppose -17*i = -2*i - y. What is the greatest common factor of i and 144?
9
Suppose -102*f = -42*f - 357600. What is the greatest common factor of f and 40?
40
Suppose -1377 = -3*j - 14*j. Let w be j/108 - 1/(-4). Calculate the highest common divisor of w and 37.
1
Let o be -12 - (-112 + -11 - 12). Calculate the greatest common divisor of o and 779.
41
Suppose 5*i - 4283 = -24*v, 15*i - 19*i = -4*v + 796. Let z = 1160 - 523. What is the highest common factor of v and z?
91
Let y be ((-6)/(-4))/(3/(-760)*-2). Calculate the greatest common divisor of 1558 and y.
38
Let o = -3112 - -3210. What is the greatest common divisor of 581 and o?
7
Suppose 39*y = 32*y - 861. Let l be (y - (2 - -7))*-1. What is the greatest common factor of l and 60?
12
Let i be 11 - 8/3*18/12. Suppose i*v - 113 = -1. What is the highest common factor of v and 112?
16
Let t(u) = u**3 - u**2 + 2*u - 4. Let v be t(-3). Let g = 134 + v. Suppose -2*l = 6*l - g. Calculate the highest common factor of l and 99.
11
Let q(v) = v**2 - 16*v + 53. Let m be q(13). Let w(h) = -2*h + 38. Let i be w(16). Calculate the highest common factor of m and i.
2
Let f(p) = p**2 + 112*p - 1440. Let u be f(-126). What is the highest common factor of u and 7092?
36
Suppose 0 = 4*w + 2*a - 23408, w - 4971 - 899 = -5*a. What is the greatest common factor of 9 and w?
9
Suppose 3*d - 5*n - 44 = 0, d - 4*n = 4*d - 8. Let v(w) = 2*w**3 + 71*w**2 + 37*w + 158. Let z be v(-35). What is the greatest common divisor of z and d?
8
Let h be (-18)/30 + (-2034)/(-15). Let w be (-7*h/(-42))/(3/76). What is the greatest common factor of w and 30?
30
Let i = -12735 + 13170. What is the highest common factor of 645 and i?
15
Let w = -303 + 306. Suppose 4*u + 72 = 56, -w*h + 50 = 4*u. Calculate the greatest common factor of 11 and h.
11
Suppose 3*j - 4*i = -4 - 4, 4*i - 28 = -2*j. Suppose -60 = j*a - 5*a. Calculate the highest common divisor of 30 and a.
30
Let f(y) = y + 27. Let u be f(3). Let d be -1 - ((-5)/u - 4335/18). Let o be (-28)/8*d/(-42). What is the highest common divisor of 50 and o?
10
Suppose 0 = 31*u - 57881 - 11342. What is the greatest common divisor of 11 and u?
11
Suppose -4*u + a + 1341 = 0, 3*u - 258*a + 260*a = 1014. What is the highest common factor of 60 and u?
12
Let s = -1370 + 1380. Let u(y) = -y**2 + 11*y + 22. Let a be u(10). Let t be ((-75)/6)/(-5)*a. Calculate the highest common divisor of t and s.
10
Suppose -3*m - 645 = -5*h, 4*h + 5*m = 5*h - 107. Suppose 2*c + 98 = 2*w + 28, -2*c - h = -4*w. What is the highest common factor of w and 279?
31
Let u(c) = 6*c**2 + 97*c - 8442. Let l be u(-47). Let s = -1 - -12. Calculate the greatest common factor of s and l.
11
Let s be 853/5 - (6 - (-96)/(-15)). Let f(v) = -v**3 - 2*v**2 + 1. Let q be f(-3). Let p be (-15)/(-6)*4/q*19. Calculate the greatest common divisor of p and s.
19
Suppose 39*d = 19*d + 24*d - 16. What is the greatest common factor of d and 274?
2
Let u be (-1 + (-2)/6)/(98/(-8379)). Let h be (25 - -1)*(0 + 3). Let a = u - h. Calculate the greatest common divisor of 324 and a.
36
Let z be (4/(-6))/(4/((-24)/(-10)) + -2). Calculate the highest common factor of 659 and z.
1
Let q(p) = -3*p + 320. Let t be q(5). Let r = 310 - t. Calculate the greatest common factor of r and 35.
5
Let g(t) = t**2 + 2*t - 15. Let a be g(4). Suppose 265 - 31 = a*m. Calculate the greatest common divisor of 494 and m.
26
Suppose -2*z = -3*l - 73, -192 = -4*z - 4*l - 16. Suppose -7 = 5*c + 4*w - 4, -4*c - 3*w = 2. What is the highest common factor of c and z?
1
Let u = 8690 - 3319. Calculate the highest common divisor of u and 41.
41
Let m(w) = -355*w - 264. Let x be m(-1). Suppose 3*i = -12 + 33. What is the greatest common divisor of x and i?
7
Let x(v) = 4*v - 34. Let m be x(23). Let l be (7/(-2))/((-136)/15776). Calculate the greatest common divisor of m and l.
58
Let c be 3*-3 + -2 + 5. Let p